 l = 529 - 443. Let m = -15 - -20. Suppose 4*h + m*h = 207. Calculate the remainder when l is divided by h.
17
Suppose 0 = 4*j - 4, -4*g + j - 367 - 646 = 0. Let x = 583 + g. What is the remainder when x is divided by 37?
34
Let j = -38 + 40. Suppose 10*r - j = 8*r. Let a(w) = 34*w**3 - 4*w**2 + 2*w + 1. What is the remainder when 130 is divided by a(r)?
31
Let t = -7266 - -7565. What is the remainder when t is divided by 60?
59
Suppose -4*w = 3*u + 244, -15 = 2*w - 2*u + 121. Let h = w - -103. Let j = 106 - 100. Calculate the remainder when h is divided by j.
3
Let u(a) be the first derivative of 5*a**3/3 + 35*a**2/2 + 13*a - 106. What is the remainder when 635 is divided by u(-8)?
52
Suppose -5*y + 10*y = -5*l + 895, -5*l + y = -913. What is the remainder when l is divided by 64?
54
Let q(y) = 3*y**3 - 93*y**2 + 4*y - 31. Suppose 0 = -9*i + 175 + 59. What is the remainder when q(31) is divided by i?
15
Suppose 916*k + 284 = 918*k. What is the remainder when 852 is divided by k?
0
Let v(d) = 194*d - 139. What is the remainder when 264 is divided by v(1)?
44
Let w = 1025 + -1015. Let t = -7 - -9. What is the remainder when t*19 + (-6)/3 is divided by w?
6
Let y = -28 - 30. Let w = 7831 + -7720. What is the remainder when w is divided by (-8)/(-4)*y/(-4)?
24
Let z(f) = 14*f + 46. Let v be z(9). Suppose -7*j - v = -5*j. Let u = 99 + j. What is the remainder when 24 is divided by u?
11
Let c = 1690 - 1674. What is the remainder when 24942 is divided by c?
14
Let d = 3930 + -3339. What is the remainder when d is divided by 210?
171
Let x = -2033 + 2145. What is the remainder when x is divided by 3?
1
Calculate the remainder when 2255 + -1 + 12 + -9 + (-13 - -15) is divided by 151.
145
Let n = -9655 + 12736. Calculate the remainder when n is divided by 615.
6
Suppose -5*d + 21*o + 2209 = 20*o, 2*d - 868 = 3*o. Calculate the remainder when d is divided by 89.
87
Let i = -2056 - -3773. Calculate the remainder when i is divided by 10.
7
Calculate the remainder when 3761 is divided by 36 + (-8)/8 + -5.
11
Let v(i) = -22*i - 349. What is the remainder when 6 is divided by v(-16)?
0
Let d = -138 + 178. Let h = 3 + 7. What is the remainder when d is divided by h?
0
Let a be ((-66)/(-11))/(1/(-9)). Let i be (11/(-9) - 12/a)*-8. Suppose 368 = -6*x + i*x. What is the remainder when x is divided by 37?
36
Let c(h) = 2*h**2 + 120*h + 586. What is the remainder when 123 is divided by c(-5)?
15
Let o(n) be the third derivative of n**4/24 + n**3/3 + 6*n**2. What is the remainder when (28/10)/(2/10) is divided by o(6)?
6
Suppose -5*m = 4*t - 2168 + 331, m - 394 = 3*t. Calculate the remainder when m is divided by 75.
73
Let c be (1/(12/(-9)))/(6/(-32)). Suppose -3*b + 21 = 3*d, -5*d = c*b - 2*b - 29. What is the remainder when 24 is divided by d?
4
Suppose -j + 5 = 2. Suppose 3*v = -2*r + 21, -2*v + 3*r = -j*v. Suppose 0 = 4*n - 3*x - 11, 2*n = 3*x - 5 + 12. Calculate the remainder when v is divided by n.
1
Suppose -13 - 9 = -11*w. Let r(g) = 4*g**2 + 14*g + 6. What is the remainder when r(-6) is divided by w*(-81)/18*5/(-3)?
6
Suppose -5*k + 520 = -3*l, 5*k + 3*l = 3*k + 229. Let n be 48*(3 - 5 - -5). Suppose -5*q + n = -q. What is the remainder when k is divided by q?
35
Let l = 35 + -53. Let a = l - -82. Let w(x) = -x**3 + 3*x**2 + 9*x - 3. What is the remainder when a is divided by w(4)?
13
Let i(x) = -x**3 - 14*x**2 - 9*x + 2. Let a be i(-13). Let k = a + 70. Calculate the remainder when k is divided by 3.
2
Let y(b) be the third derivative of 4*b**5/15 - b**4/8 + 17*b**2. Let g be y(-3). Suppose -6*h = 3 - g. Calculate the remainder when h is divided by 17.
8
Let c be (1 + 0)/(3*(-1)/(-12)). Suppose -10*s + 14*s - 184 = 2*b, c*s - 182 = 3*b. Calculate the remainder when 129 is divided by s.
35
Suppose 3*n = 53*n + 47*n - 390231. Calculate the remainder when n is divided by 175.
173
Let k = 69 + 197. Suppose 5*x - k = -2*d, 3*d - 2*x - 175 = 243. Let a = -67 + d. What is the remainder when a is divided by 37?
34
Suppose -5*t + 4*z - 94 + 53 = 0, -5*t = 3*z + 13. What is the remainder when 23 is divided by -6 - ((-1)/1 - (-55)/t)?
5
Let t(w) = 209*w**2 - 9*w - 10. Calculate the remainder when t(3) is divided by 71.
69
Let k be 9/6*154/(-21). Let h(w) = 7*w - 42. Let x be h(0). Let t = k - x. What is the remainder when 118 is divided by t?
25
Let b = 643 + -201. Calculate the remainder when b is divided by 38.
24
Suppose 267*i - 269*i + 3*l = -195, -4*i + 2*l = -394. Calculate the remainder when 384 is divided by i.
87
Suppose 2*t + 2*c = 66 + 150, -t = -2*c - 93. Suppose -s + t = 2*z, -90 - 4 = -s + z. Calculate the remainder when s is divided by 17.
12
Suppose 5*j - 3*m = 69 - 17, -m - 4 = 0. What is the remainder when 2043/81 + (-2)/9 is divided by j?
1
Suppose 4*g = 3*h - 3156, -4*h + 2*g + 4934 - 716 = 0. What is the remainder when h is divided by 33?
0
Let j = -2138 - -2164. Calculate the remainder when 149 is divided by j.
19
Let z = -7677 + 7841. Calculate the remainder when z is divided by 39.
8
Let y = 25294 - 25282. Suppose -4*j - 3*p = -21, -4*j - 4*p + 16 = -0*j. What is the remainder when y is divided by j?
3
Let p = 21 - 24. Let m be p/((4/8)/((-4)/6)). Suppose -106 = 2*k - m*k. Calculate the remainder when k is divided by 14.
11
Let l(b) = -b**2 + 2. Let p be l(0). Suppose r - p*z - 2 = 0, 7*r = 2*r + 3*z + 17. What is the remainder when 51 is divided by 9/(18/r) + 16?
15
Let w = -2896 + 2914. What is the remainder when 997 is divided by w?
7
Suppose -11*k - 5*y = -1267, -5*y - 464 = -4*k - 6*y. Let t = 113 + -73. Calculate the remainder when k is divided by t.
37
Suppose -9*f = -5033 - 286. Suppose 457 = -23*o + 26*o + 2*l, 4*o - l = f. What is the remainder when o is divided by 9?
5
Suppose -16*h + 17*h = 4*u - 10, -6 = 3*h. Suppose -2*n = -5*b - 59, -3*n + u*n - b + 33 = 0. Calculate the remainder when 138 is divided by n.
10
Let i = 347 - 334. Suppose 0 = -i*z + 86 + 343. Let b = 13 - 0. Calculate the remainder when z is divided by b.
7
What is the remainder when ((288/27 - 6) + -7)*-393 is divided by 10?
7
Suppose -29*a = -33*a + 20. Let v(i) = -i**3 + 5*i**2 - 3*i - 2. Let g be v(4). Calculate the remainder when -23*1/(-2)*g is divided by a.
3
What is the remainder when 1909 is divided by 4 + -16 - (3 + -152 - 0)?
128
Let z = 109 + -39. Suppose 5*h - 95 = 4*i, -3*h + 1980*i = 1977*i - 57. What is the remainder when z is divided by h?
13
Suppose 7*s = 11*s + v - 2016, v = s - 504. What is the remainder when s is divided by 30?
24
Suppose -56*o + 121*o - 564 = 53*o. What is the remainder when o is divided by 8?
7
Suppose 190 = 3*p + 5*i, -4*p + i = 9 - 224. What is the remainder when 445 - (-13 - (18 - 38)) is divided by p?
53
Let i be 846/8*(0 - -4). Let t = 12167 - 12158. Suppose 4*w - t*w = 3*y - i, 0 = y + 4*w - 141. Calculate the remainder when y is divided by 36.
33
Suppose 0 = 127*k - 5688 - 408. What is the remainder when 173 is divided by k?
29
Let p = -20652 - -22331. Calculate the remainder when p is divided by 187.
183
Let h be 3*(2 - (-213)/(-9)). Let w = -36 - h. What is the remainder when (2772/(-110))/(2*9/(-60)) is divided by w?
26
Let q = -348174 + 348186. Let l(z) = -51*z + 2. Calculate the remainder when l(-2) is divided by q.
8
Suppose -2*c - 5*d + 156 = 0, -39*c + 43*c = -3*d + 298. What is the remainder when 439 is divided by c?
1
Suppose -4*w - 28 = -96. Let r(c) = -52*c - 2133. What is the remainder when r(-42) is divided by w?
0
Let a be 64 + 16/(7 + -9). Suppose 5*j = -n + 160, -a = -j + 3*n - 8*n. What is the remainder when 865 is divided by j?
28
Let f be 1 - (2 - (0 - -2)). Suppose 4*v - 9 = -2*k - 1, k + 3*v - f = 0. What is the remainder when 33 is divided by k?
3
What is the remainder when 926 is divided by ((-60)/(-100))/(29/14645)?
17
Let j be 81 - (-12 - (3 + -6)). Calculate the remainder when (759/(-44))/(j/32 - 3) is divided by 16.
12
Let t(w) = 8*w**3 + 53*w**2 - 18*w - 91. Calculate the remainder when t(-5) is divided by 158.
8
Suppose 2*g - 65 = -5*v, -12*v - 20 = -16*v. What is the remainder when 1739 is divided by g?
19
Suppose 0 = -204*s + 194*s + 120. Let k be -4*(13/(-4) - -1). Let o = 103 - k. What is the remainder when o is divided by s?
10
Calculate the remainder when (14 + -15)*20 + 62 is